{"id":1785,"date":"2020-03-23T14:21:59","date_gmt":"2020-03-23T20:21:59","guid":{"rendered":"http:\/\/vortice-latam.com\/?post_type=product&#038;p=1785"},"modified":"2025-07-15T20:49:28","modified_gmt":"2025-07-15T20:49:28","slug":"cortinas-aire","status":"publish","type":"product","link":"https:\/\/vortice-latam.com\/es\/product\/cortinas-aire\/","title":{"rendered":"CORTINAS DE AIRE"},"content":{"rendered":"<p>Serie de cortinas de aire para instalaci\u00f3n horizontal en puertas o aberturas de locales comerciales. El flujo de aire suministrado separa el \u00e1rea interna, calentada o con aire acondicionado del exterior, favoreciendo el ahorro de energ\u00eda y obstaculizando la entrada de humo, olores, insectos y part\u00edculas s\u00f3lidas presentes en la atm\u00f3sfera.<\/p>\n<p>Elegante dise\u00f1o de panel frontal de aluminio cepillado con rejilla de entrada de aire integrado que permite la incorporaci\u00f3n en cualquier espacio.<\/p>\n<p>Operaci\u00f3n con control remoto, manual o sensores de apertura (cable de control para sensor ya incorporado).<\/p>\n<ul>\n<li>Instalaci\u00f3n en puertas, aberturas y\/o pasillos.<\/li>\n<li>Su objetivo es separar dos ambientes con condiciones distintas.<\/li>\n<li>Tama\u00f1os: 90 cm, 1,2 metros y 1,5 metros.<\/li>\n<li>Altura m\u00e1xima de instalaci\u00f3n respecto al nivel de piso: 3,5 metros.<\/li>\n<li>Su selecci\u00f3n se basa en el tama\u00f1o de la puerta, abertura o pasillo por atender.<\/li>\n<li>Se deben elegir combinaciones de tama\u00f1os que permitan cubrir el 100% de la longitud del espacio.<\/li>\n<\/ul>\n<p>&nbsp;<\/p>","protected":false},"excerpt":{"rendered":"<p>Serie de cortinas de aire para instalaci\u00f3n horizontal en puertas o aberturas de locales comerciales. El flujo de aire suministrado separa el \u00e1rea interna, calentada o con aire acondicionado del exterior, favoreciendo el ahorro de energ\u00eda y obstaculizando la entrada de humo, olores, insectos y part\u00edculas s\u00f3lidas presentes en la atm\u00f3sfera. Elegante dise\u00f1o de panel [&hellip;]<\/p>\n","protected":false},"featured_media":2811,"comment_status":"closed","ping_status":"closed","template":"","meta":[],"product_cat":[44],"product_tag":[],"class_list":{"0":"post-1785","1":"product","2":"type-product","3":"status-publish","4":"has-post-thumbnail","6":"product_cat-cortinas-de-aire","8":"first","9":"instock","10":"shipping-taxable","11":"product-type-simple"},"_links":{"self":[{"href":"https:\/\/vortice-latam.com\/es\/wp-json\/wp\/v2\/product\/1785","targetHints":{"allow":["GET"]}}],"collection":[{"href":"https:\/\/vortice-latam.com\/es\/wp-json\/wp\/v2\/product"}],"about":[{"href":"https:\/\/vortice-latam.com\/es\/wp-json\/wp\/v2\/types\/product"}],"replies":[{"embeddable":true,"href":"https:\/\/vortice-latam.com\/es\/wp-json\/wp\/v2\/comments?post=1785"}],"wp:featuredmedia":[{"embeddable":true,"href":"https:\/\/vortice-latam.com\/es\/wp-json\/wp\/v2\/media\/2811"}],"wp:attachment":[{"href":"https:\/\/vortice-latam.com\/es\/wp-json\/wp\/v2\/media?parent=1785"}],"wp:term":[{"taxonomy":"product_cat","embeddable":true,"href":"https:\/\/vortice-latam.com\/es\/wp-json\/wp\/v2\/product_cat?post=1785"},{"taxonomy":"product_tag","embeddable":true,"href":"https:\/\/vortice-latam.com\/es\/wp-json\/wp\/v2\/product_tag?post=1785"}],"curies":[{"name":"wp","href":"https:\/\/api.w.org\/{rel}","templated":true}]}}

<p>Serie de cortinas de aire para instalación horizontal en puertas o aberturas de locales comerciales. El flujo de aire suministrado separa el área interna, calentada o con aire acondicionado del exterior, favoreciendo el ahorro de energía y obstaculizando la entrada de humo, olores, insectos y partículas sólidas presentes en la atmósfera.</p>
<p>Elegante diseño de panel frontal de aluminio cepillado con rejilla de entrada de aire integrado que permite la incorporación en cualquier espacio.</p>
<p>Operación con control remoto, manual o sensores de apertura (cable de control para sensor ya incorporado).</p>
<ul>
<li>Instalación en puertas, aberturas y/o pasillos.</li>
<li>Su objetivo es separar dos ambientes con condiciones distintas.</li>
<li>Tamaños: 90 cm, 1,2 metros y 1,5 metros.</li>
<li>Altura máxima de instalación respecto al nivel de piso: 3,5 metros.</li>
<li>Su selección se basa en el tamaño de la puerta, abertura o pasillo por atender.</li>
<li>Se deben elegir combinaciones de tamaños que permitan cubrir el 100% de la longitud del espacio.</li>
</ul>
<p>&nbsp;</p>

<p>Serie de cortinas de aire para instalación horizontal en puertas o aberturas de locales comerciales. El flujo de aire suministrado separa el área interna, calentada o con aire acondicionado del exterior, favoreciendo el ahorro de energía y obstaculizando la entrada de humo, olores, insectos y partículas sólidas presentes en la atmósfera. Elegante diseño de panel [&hellip;]</p>
